{"id":402,"date":"2022-05-30T13:44:29","date_gmt":"2022-05-30T11:44:29","guid":{"rendered":"https:\/\/gg.archenix.pl\/?page_id=402"},"modified":"2024-02-28T02:24:50","modified_gmt":"2024-02-28T00:24:50","slug":"swinka-skarbonka","status":"publish","type":"page","link":"https:\/\/gg.archenix.pl\/?page_id=402","title":{"rendered":"\u015awinka skarbonka"},"content":{"rendered":"\n<figure class=\"wp-block-pullquote\"><blockquote><p>Je\u015bli masz ochot\u0119, mo\u017cesz si\u0119 dorzuci\u0107 na nowe plansz\u00f3wki \ud83d\ude09<br><style>\r\n        .wpedon-container .wpedon-select,\r\n        .wpedon-container .wpedon-input {\r\n            width: 170px;\r\n            min-width: 170px;\r\n            max-width: 170px;\r\n        }\r\n    <\/style><div class='wpedon-container wpedon-align-left'><label id='wpedon-398-name-label'><\/span><\/label><br \/><form target='_blank' action='https:\/\/www.paypal.com\/cgi-bin\/webscr' method='post' class='wpedon-form'><input type='hidden' name='cmd' value='_donations' \/><input type='hidden' name='business' value='b@archenix.eu' \/><input type='hidden' name='currency_code' value='PLN' \/><input type='hidden' name='notify_url' value='https:\/\/gg.archenix.pl\/wp-admin\/admin-post.php?action=add_wpedon_button_ipn'><input type='hidden' name='lc' value='pl_PL'><input type='hidden' name='bn' value='WPPlugin_SP'><input type='hidden' name='return' value='' \/><input type='hidden' name='cancel_return' value='' \/><input class='wpedon_paypalbuttonimage' type='image' src='https:\/\/www.paypalobjects.com\/webstatic\/en_US\/btn\/btn_donate_pp_142x27.png' border='0' name='submit' alt='Make your payments with PayPal. It is free, secure, effective.' style='border: none;'><img alt='' border='0' style='border:none;display:none;' src='https:\/\/www.paypal.com\/pl_PL\/i\/scr\/pixel.gif' width='1' height='1'><input type='hidden' name='amount' id='amount_c70216a3c75b39646d42126d2a53d123' value='' \/><input type='hidden' name='price' id='price_c70216a3c75b39646d42126d2a53d123' value='' \/><input type='hidden' name='item_number' value='gg_archenix_pl' \/><input type='hidden' name='item_name' value='' \/><input type='hidden' name='name' value='' \/><input type='hidden' name='custom' value='398'><input type='hidden' name='no_shipping' value='1'><input type='hidden' name='no_note' value='1'><input type='hidden' name='currency_code' value='PLN'><\/form><\/div><\/p><\/blockquote><\/figure>\n\n\n\n<figure class=\"wp-block-image size-full is-resized\"><img loading=\"lazy\" decoding=\"async\" width=\"742\" height=\"949\" src=\"https:\/\/gg.archenix.pl\/wp-content\/uploads\/2024\/02\/pngegg.png?_t=1709079757\" alt=\"\" class=\"wp-image-4235\" style=\"width:922px;height:1179px\" srcset=\"https:\/\/gg.archenix.pl\/wp-content\/uploads\/2024\/02\/pngegg.png 742w, https:\/\/gg.archenix.pl\/wp-content\/uploads\/2024\/02\/pngegg-235x300.png 235w\" sizes=\"auto, (max-width: 742px) 100vw, 742px\" \/><\/figure>\n<div class=\"remoji_bar\"><div class=\"remoji_add_container\" data-remoji-id=\"402\" data-remoji-type=\"post\"><div class=\"remoji_add_icon\"><\/div><\/div><div class=\"remoji_error_bar\" data-remoji-id=\"402\" data-remoji-type=\"post\" style=\"display: none;\">Error happened.<\/div><\/div>","protected":false},"excerpt":{"rendered":"<p>Je\u015bli masz ochot\u0119, mo\u017cesz si\u0119 dorzuci\u0107 na nowe plansz\u00f3wki \ud83d\ude09 Error happened.<\/p>\n","protected":false},"author":1,"featured_media":4235,"parent":0,"menu_order":0,"comment_status":"closed","ping_status":"closed","template":"","meta":{"footnotes":""},"class_list":["post-402","page","type-page","status-publish","has-post-thumbnail","hentry"],"_links":{"self":[{"href":"https:\/\/gg.archenix.pl\/index.php?rest_route=\/wp\/v2\/pages\/402","targetHints":{"allow":["GET"]}}],"collection":[{"href":"https:\/\/gg.archenix.pl\/index.php?rest_route=\/wp\/v2\/pages"}],"about":[{"href":"https:\/\/gg.archenix.pl\/index.php?rest_route=\/wp\/v2\/types\/page"}],"author":[{"embeddable":true,"href":"https:\/\/gg.archenix.pl\/index.php?rest_route=\/wp\/v2\/users\/1"}],"replies":[{"embeddable":true,"href":"https:\/\/gg.archenix.pl\/index.php?rest_route=%2Fwp%2Fv2%2Fcomments&post=402"}],"version-history":[{"count":6,"href":"https:\/\/gg.archenix.pl\/index.php?rest_route=\/wp\/v2\/pages\/402\/revisions"}],"predecessor-version":[{"id":4237,"href":"https:\/\/gg.archenix.pl\/index.php?rest_route=\/wp\/v2\/pages\/402\/revisions\/4237"}],"wp:featuredmedia":[{"embeddable":true,"href":"https:\/\/gg.archenix.pl\/index.php?rest_route=\/wp\/v2\/media\/4235"}],"wp:attachment":[{"href":"https:\/\/gg.archenix.pl\/index.php?rest_route=%2Fwp%2Fv2%2Fmedia&parent=402"}],"curies":[{"name":"wp","href":"https:\/\/api.w.org\/{rel}","templated":true}]}}